. Let t be f(g). Let d = t + -3. What is the greatest common factor of d and 12?
6
Let a = -20 + 21. Calculate the greatest common divisor of 9 and a.
1
Suppose 1 = -2*h + 5. What is the highest common factor of 5 and h?
1
Let z be 1/(-2)*(-6 + 2). Suppose z*o - 1 = o. Suppose 2*d = -3*q + 13, 3*q - 25 = -3*d - 4. Calculate the greatest common factor of o and d.
1
Let s be (-2 - -5)*(-26)/(-3). Calculate the highest common divisor of s and 13.
13
Let x(w) = -w**2 + 7*w. Let k = -3 + 2. Let t(j) = 5*j**2 + 1. Let m be t(k). Let s be x(m). What is the greatest common divisor of 9 and s?
3
Let q(d) = -53*d - 6. Let w(i) = 18*i + 2. Let t(c) = 3*q(c) + 8*w(c). Let p be t(-6). Calculate the highest common factor of p and 11.
11
Suppose 3 = 5*u + 3*p, 4*p + 7 = -9. Let w be (-1*45)/u*1. Let h be (-426)/w - (-2)/(-5). What is the greatest common factor of h and 7?
7
Let z = 110 + -108. Let u be (70/(-4))/((-1)/2). Let x = u + -25. Calculate the highest common factor of z and x.
2
Suppose -4*o + 8*o - u - 28 = 0, -2*o + u + 14 = 0. Suppose 2*q + o = 3*q. What is the highest common factor of 49 and q?
7
Suppose 239 = 4*p - 3*z - 551, -3*p + 4*z + 596 = 0. Calculate the highest common factor of 49 and p.
49
Let i(z) = 2*z**2 - 27*z + 20. Let g be i(14). Calculate the greatest common factor of 187 and g.
17
Let g(o) = o**2 + 3*o - 21. Let u be g(11). What is the greatest common divisor of u and 7?
7
Suppose -60 = 2*w - 6*w. Let i be -2 + (3 - (-18 - -4)). Calculate the highest common factor of w and i.
15
Suppose -4*q = -7 - 1. Suppose -g + 168 = q*g. What is the highest common factor of g and 14?
14
Let s be (2*(-16)/5)/(12/(-30)). Calculate the highest common factor of s and 80.
16
Let i(t) = t**3 + 11*t**2 - 3*t - 2. Let m be i(-9). What is the highest common divisor of m and 17?
17
Let n = -1 - -5. Suppose -2*z + 7 = -3*m - 28, -3*m - 45 = -3*z. Calculate the greatest common divisor of z and n.
2
Let t = 23 + -20. Calculate the highest common factor of 18 and t.
3
Let j = -43 - -83. Calculate the greatest common factor of 10 and j.
10
Let r be (-4)/(-18) - (-38)/(-9). Let j be ((-9)/r)/((-6)/(-48)). Calculate the greatest common divisor of 36 and j.
18
Suppose -2*m - 1 = 4*n + 11, 2*m - n = -7. Let k = m + 11. Let o be ((-14)/(-3))/((-8)/(-96)). What is the greatest common factor of k and o?
7
Suppose -1 - 4 = -h. What is the greatest common divisor of h and 2?
1
Let z(l) = -7*l - 102. Let m be z(-16). Suppose 3*n - 3*w = -w + 49, n - 5 = -5*w. What is the greatest common divisor of m and n?
5
Let d(y) = 4*y - 20. Let w(n) = -n + 1. Let t(u) = -d(u) - 5*w(u). Let g be t(-13). What is the highest common factor of g and 22?
2
Let x(d) = 14*d. Suppose -10 = 4*q - 2, 5*g = 4*q + 28. Let s be x(g). What is the highest common factor of 8 and s?
8
Suppose 141*d = 140*d + 29. What is the highest common factor of d and 203?
29
Let o = -9 + 36. Calculate the greatest common factor of o and 3.
3
Suppose -30 = -0*b - 5*b. Calculate the greatest common divisor of b and 66.
6
Suppose 0*c + w - 3 = -2*c, -4*c - 4*w = -12. Suppose 216 = -c*n + 3*n. Calculate the highest common divisor of 48 and n.
24
Let b = -107 - -179. Suppose u + b = 4*u. Calculate the highest common factor of u and 8.
8
Let g be (-585)/(-6) - (-1)/2. Suppose -4*y - 10 = g. Let o be (-2)/5*(2 + y). Calculate the highest common factor of o and 40.
10
Let y(o) = -o + 11. Let f be y(8). Let v(d) = -7*d**2 - 3*d + 2. Let n be v(f). Let u be 5/20 - n/8. What is the highest common divisor of u and 9?
9
Suppose -4*z - 64 = -4*y, 3*z - z = -3*y + 23. Let r(w) = 170*w + 1. Let n be r(1). Let p = n - 116. Calculate the highest common factor of y and p.
11
Suppose -5*n + 10*n - 630 = 0. What is the highest common divisor of n and 14?
14
Let q(g) = g**2 - 3*g - 11. Let f be q(6). Suppose -30 = 3*h - 87. Let d = 82 - h. What is the greatest common factor of f and d?
7
Let d(t) = -10*t - 37. Let p be d(-6). Calculate the highest common factor of p and 23.
23
Suppose 2*b = 7*b - 305. Let j = b - 35. Calculate the highest common divisor of j and 52.
26
Suppose -4*v + 1 = 4*s - 11, 4*v + 20 = 0. Calculate the greatest common factor of s and 64.
8
Suppose 210 + 78 = 4*h. Let a(b) = -b**2 - 11*b - 6. Let j be a(-3). Calculate the highest common factor of j and h.
18
Let o(n) = -n + 1. Suppose 3*a + 47 = 5*p, 5*a - 5*p = -8*p - 67. Let z be o(a). What is the greatest common factor of 3 and z?
3
Let k(l) = l - 4*l - 1 + 0*l. Let u be k(-3). Suppose -n = -3*n + 5*z + 90, 0 = -3*n - 4*z + 112. Calculate the highest common factor of u and n.
8
Let o(a) = a**3 + 6*a**2 + 2*a - 5. Let h be o(-5). Calculate the highest common factor of h and 10.
10
Let n(x) = -x**2 - 3*x + 7. Let t be n(0). Calculate the highest common divisor of 77 and t.
7
Let u be ((-6)/(-18))/((-1)/(-618)). Let o = u + -121. Calculate the highest common divisor of 34 and o.
17
Suppose b - 2 = -4, 5*p + 4*b - 277 = 0. Suppose -f - 4*y = 4*f - 202, -2*f = 2*y - 82. Calculate the greatest common factor of p and f.
19
Let q = -335 - -431. Suppose 6*u - u = 60. Calculate the greatest common divisor of u and q.
12
Let c = 23 + -13. Suppose 2*y = -y - 60. Let z be y*((4 - 2) + -4). Calculate the greatest common factor of c and z.
10
Let m = 0 - -9. Suppose 3*a = -0*a - m. Let b be 3/(-9) - 28/a. Calculate the greatest common factor of b and 18.
9
Let a be (-416)/(-9) - 30/135. Calculate the highest common factor of 23 and a.
23
Let h = -14 - -16. What is the greatest common factor of h and 14?
2
Let p be -3 - (0 - -2)*-1. Let f = 17 + p. Calculate the greatest common factor of f and 32.
16
Let y be 6 + 1191/12 - (-2)/(-8). What is the highest common factor of y and 42?
21
Let m be ((-30)/24)/(3/108*-1). Calculate the greatest common divisor of m and 225.
45
Suppose -4*u + 13 = 5*j, -2*u + 8 = 3*j + 1. Let f be (1/(-4))/(3/(-24)). Suppose f*w = -2*w + 16. Calculate the greatest common divisor of w and u.
2
Suppose -2*t + 0*o + o + 247 = 0, 0 = 5*t - 3*o - 620. What is the greatest common divisor of t and 11?
11
Let d = -190 + 135. Let r be 2/(-4) - d/(-2). Let x = r - -48. Calculate the greatest common divisor of x and 40.
20
Let w(t) = -t**2 - 3*t - 3. Let j be w(-4). Let o = j + 11. Suppose 54 - 6 = o*s. What is the greatest common divisor of s and 48?
12
Let g(u) = -9*u + 1. Let x be g(-6). Let w be 2/(-4)*396/(-9). What is the greatest common factor of w and x?
11
Let n = 33 - 15. Calculate the highest common factor of n and 2.
2
Suppose 5*u - 55 = -2*y, 2*y - 150 = -2*y - 2*u. What is the highest common factor of 240 and y?
40
Let s be 684/10 - 4/10. Let p = s - 45. What is the highest common divisor of p and 161?
23
Let x = -5 + 7. Suppose -2*i - 3*i = 15, 5*y + x*i = 154. Calculate the highest common factor of 8 and y.
8
Let o = 9 - 4. Suppose 2*h = o*h - 117. Calculate the highest common factor of h and 13.
13
Let v(w) = 2*w + 18. Let d be v(11). Calculate the highest common divisor of 16 and d.
8
Let h = 8 + 7. What is the greatest common factor of 60 and h?
15
Let l be (4 + (-104)/(-6))*6. Calculate the greatest common divisor of 32 and l.
32
Suppose -5*w - 5 = -3*o - o, 2*w + 4*o + 2 = 0. Let h be 6 + w + 3 + -3. Calculate the highest common factor of h and 25.
5
Suppose -3*o + 158 + 82 = 0. Calculate the greatest common factor of o and 16.
16
Let v(w) = 3*w**2 - 1. Let k be v(1). Calculate the greatest common divisor of k and 8.
2
Suppose 96 = 4*p - 3*p. Let u be 20/6*p/10. Let t be (-3)/(2/(u/(-6))). Calculate the greatest common divisor of 64 and t.
8
Let z = 46 - 26. Calculate the greatest common divisor of 40 and z.
20
Suppose 0 = 3*f + 15, -49 = -u - 2*u + 5*f. Let k(m) = -m**2 + 7*m + 19. Let p be k(9). What is the highest common factor of p and u?
1
Suppose 2 - 27 = 5*x. Let j = x + 7. Suppose j*i + 2*i = 44. Calculate the highest common divisor of i and 55.
11
Let p = -193 - -469. Suppose f + p = 5*f. Calculate the greatest common factor of f and 46.
23
Let y = 67 - 33. Calculate the greatest common divisor of y and 85.
17
Let p be 3 + (-280)/(-24) + 2/6. What is the highest common divisor of 120 and p?
15
Let k(t) = 0*t**2 - 6 - 9*t**2 - t**3 + 15 + t. Let u be k(-9). Suppose 2*n - 4*v - 2 = -0, v - 1 = u. What is the highest common f